6. Let d(p) be the second derivative of q(p). Determine d(1).
-3
Let z(s) = 2*s**2 - 2*s**3 + 3*s**3 + 3 - 8*s - 8*s**2. Let a(o) = -976*o - 20489. Let v be a(-21). Give z(v).
-4
Let w be -42*20/120 - -10. Let i(z) be the third derivative of 1/12*z**4 + 0 + 1/2*z**w - z**2 + 0*z - 1/60*z**5. Determine i(4).
-5
Let b = 4 - 9. Let t = 2 + b. Let s(a) = -3 + 630*a**2 + a - a**3 - 1267*a**2 + 634*a**2. Give s(t).
-6
Suppose -21*i = -104 + 83. Let a(t) be the third derivative of t**5/10 - t**4/24 + t**2. Determine a(i).
5
Let m(w) = -w + 4. Let x be 116/10 - (-16)/40. Suppose x*v = v + 4*v. What is m(v)?
4
Let x = 1705 + -1682. Let m(n) = n**2 - 24*n + 26. Calculate m(x).
3
Let d(a) = -3*a - 33. Suppose -14*p + p - 104 = 0. Let j be d(p). Let g(o) = -o**3 - 10*o**2 - 9*o - 6. What is g(j)?
-6
Let a(m) = -17*m - 80. Let q be a(-5). Suppose 0 = 2*d - h + 13, -q*h + 35 = -6*d + d. Let i(z) = -z**3 - 5*z**2 + 7*z + 3. Calculate i(d).
-3
Let l(q) = -q + 5. Suppose -4*z - 20 = 44. Let d = z - -18. Suppose -j = d*f - 6 - 7, 5*f + 2*j = 31. Give l(f).
0
Let f(g) be the first derivative of -9*g**2/2 - g + 1. Let j(w) = 39*w + 193. Let d be j(-5). Let p be -4 + (d - 0) + 5. What is f(p)?
8
Let v(d) = -12*d + 413. Let l(h) = -10*h + 429. Let o(z) = -2*l(z) + 3*v(z). Determine o(24).
-3
Let m(j) = -12*j + 26. Let g be m(2). Let k(c) = 100 + g*c - 46 - 45. Give k(-8).
-7
Let y(h) = -2*h - 3. Let g be 0*((-10)/(-8) + -1). Suppose 0 = 3*f + 3*x - 0*x - 3, -3*x = 4*f - 7. Suppose -f*d = 4*s - 0 + 8, g = 5*s. Calculate y(d).
1
Let k(c) = -c**3 + 23*c**2 - 24*c + 26. Suppose -50*r + 874 = -226. Determine k(r).
-18
Let o(r) be the first derivative of r**4/2 + r**3/3 + 3*r**2/2 + r + 571. Determine o(-2).
-17
Let j(h) = -h**2 - 8*h + 2. Let b(n) = -n**2 + 3*n. Let q(u) = 2*b(u) + j(u). Let c = 6 - 8. What is q(c)?
-6
Let m(w) = 2*w - 5. Suppose 617*s = 622*s - 10. Suppose 5*a + 20 = 0, 5*r - s*r = 3*a + 27. Determine m(r).
5
Let t(m) = 9*m**3 - m**2 - 1. Let k(n) = 35*n**3 - 17*n**2 - 10*n + 7. Let u(c) = -k(c) + 4*t(c). Determine u(-12).
13
Let y(v) be the third derivative of v**5/30 - 23*v**4/8 - 61*v**3/2 + 13993*v**2. Give y(37).
2
Let z be (-6)/(-15) - (-36)/(-15). Let u be 3/6 - 6/(-4). Let p(w) = -127 + 2*w + 125 - 3*w**u - 3*w. Determine p(z).
-12
Let w(j) be the first derivative of -5*j**3/3 + j**2 - 3*j - 1. Let h(s) = -s + s - 50*s**2 + 36*s**2 - 9 + 6*s. Let z(c) = 6*h(c) - 17*w(c). Give z(2).
5
Suppose -12*j - 80 = -104. Let k(x) be the second derivative of -1/2*x**2 + 0 - 1/6*x**4 - 2*x + 1/6*x**3. Give k(j).
-7
Let k(v) = 14*v**2 + 2*v - 4. Suppose -4*j - 14 - 2 = 4*w, 5*w - 2*j - 15 = 0. What is k(w)?
12
Suppose f = 3*w - 2*f - 12, -2*f - 18 = -4*w. Let c(d) be the third derivative of 0 - 53*d**2 + 1/2*d**3 + 1/12*d**4 + 0*d. Calculate c(w).
13
Let n(c) = 69*c + 11. Suppose -251*m + 255*m - g = 7, 3*m = 3*g + 21. What is n(m)?
11
Let z(y) = -y**2 + 115*y + 1251. Let m be z(-10). Let f(a) = a**3 + a**2 - 1. Let c(q) = 6*q**3 + 2*q**2 + q - 4. Let r(p) = c(p) - 3*f(p). Give r(m).
2
Let m be (-4)/(-8)*0 + (-19 - -22). Let g(t) = -2*t**3 + 5*t**2 - 9. Give g(m).
-18
Let d(w) = -3*w + 3489158 - 3489158 + 0*w + 8*w - 112*w**2. Determine d(1).
-107
Let p(m) = -4*m**2 - 3*m - 1. Let d be 4180/(-627) - (-24)/9. Calculate p(d).
-53
Let b(f) = -9 - f**2 - 4 + 3 - 12*f + 0 + 9 + 5*f. Suppose 3*q + 24 = -3. Give b(q).
-19
Let y(m) = -9 + 271*m**2 + 17 - 553*m**2 + 11*m + 284*m**2. Determine y(-8).
48
Let a be (-1 + 0)*-1 + 3. Suppose -a*z = 4*m + 4, z = -3*m - 0 + 9. Let n(q) = 6*q - 4*q**3 + 4*q + 7*q**2 - 6*q + 3 + 4*q + 5*q**3. Calculate n(z).
-9
Let p(v) be the third derivative of v**5/60 - 5*v**4/12 + 251*v**2. Determine p(8).
-16
Let r(m) = -133*m + 269*m - 139*m. Let b(o) = -12*o - 8*o + 7*o. Let d(q) = 2*b(q) - 9*r(q). Give d(7).
7
Let o(z) = 5*z**3 - 5*z**2 + 2*z - 1. Let s(k) = -k**2. Let n(u) = o(u) - 5*s(u). Let a(w) = -11*w + 100. Let l be a(9). What is n(l)?
6
Let k(g) = 2*g - 8. Let f(j) = 38*j + 114. Let x be f(-3). Suppose 3*r + v + 19 = x, -v = -r - r - 11. Give k(r).
-20
Let y(f) = -2*f - 1. Let q(u) = -7*u - 30. Let b(a) = q(a) - 6*y(a). Give b(11).
31
Suppose -70*k + 65*k - 30 = 0. Let y(w) = 0 - 3*w**2 + 2 - 8*w + 2*w**2. Calculate y(k).
14
Let c(s) = -s**2 - 40*s - 316. Suppose 2*h - 25 + 47 = 0. Determine c(h).
3
Let h(d) = -d - 2. Suppose 14 = -2*n - 4. Let u be (-18)/(-4) - n/18. Suppose 0*o + 4 = f - 5*o, -u*f + 20 = -3*o. Calculate h(f).
-6
Let d be (14 + (-294)/18)*(-10 + 7). Let n(g) = -10*g - 45. Determine n(d).
-115
Let p(a) = -a**3 + 2*a**2 - a + 5. Let l be p(0). Let c be (7 - -1)*l/20. Let b(f) = -4*f - 22 - f**c + 21 + 12*f. Determine b(8).
-1
Let f(d) = -4*d + 2. Let h(z) = -z**3 - 8*z**2 - 7*z - 1. Suppose -17*l = -23*l - 42. Let i be h(l). Determine f(i).
6
Let u = 2177731 - 2177735. Let b(q) be the first derivative of 1/2*q**2 - q - 1. Determine b(u).
-5
Let h(k) be the first derivative of -3*k**2 + 41*k + 1367. Calculate h(12).
-31
Let q(h) = 503*h - 5 - 3 + 4 - 253*h - 251*h. Suppose 5*l = -4*u - 9, 0 = 5*l - 2*l - u + 19. Give q(l).
1
Suppose 3*f = 4*n - 29, -2*n + 4*f - 48 + 80 = 0. Let s(p) = -2*p**3 - p**2 - 7*p + 6. Determine s(n).
-28
Let g = 30489 + -30488. Let i(r) = -80*r**3 - 2*r + 1. Give i(g).
-81
Let u be 5/15 + 2/(-6). Suppose -5*t + 0*f + 191 = -4*f, 4*t - 4*f - 156 = u. Let x = t - 27. Let p(m) = -m**2 + 10*m - 12. Determine p(x).
4
Let m(b) = b**3 + 28*b**2 - 94*b - 44. Let p be m(-31). Let l(y) = -41*y - 549. Give l(p).
-16
Let p(y) = y**3 - 6*y**2 - 8*y - 2. Let v be -31 - (-2)/((-24)/9 - -2). Let a be 10/85 - 132/v. Let s be ((-7)/a)/((-16)/64). Give p(s).
-9
Let q = -224 - -217. Let w(o) = o**3 + 5*o**2 - 15*o - 1. Calculate w(q).
6
Let i(a) = 44 + 1002*a**2 - 66 + 39 - 1001*a**2 - 20*a. Calculate i(22).
61
Let v(x) = 10668482*x**2 - 11 - 10668481*x**2 + 5*x + 1. Give v(-6).
-4
Suppose -o - 2*o + 19 = -v, 5*v + 23 = 3*o. Let w = o - 4. Let s(j) = -3 + j + 6 - w. What is s(0)?
1
Let p(o) = -21 - 11*o**2 + 35 + 11*o - 28 + 12*o**2 - o**3 + 9*o**2. Determine p(10).
96
Suppose -8553 = 760*b - 163*b + 5178. Let u(j) = -10*j - 214. Give u(b).
16
Suppose -1477*f + 1502*f = -50. Let b(r) = -6*r - 11. Determine b(f).
1
Let s(f) be the first derivative of 25*f**2/2 + 115*f - 2725. Give s(-4).
15
Let b(h) = 611*h - 583. Let j be b(1). Let s(i) be the second derivative of -1/12*i**4 - 3*i**2 + 0 + i**3 + j*i. Calculate s(4).
2
Let q(j) = 2*j**2 - 60*j + 248. Let s be q(25). Let u(x) = -16*x + 9. Give u(s).
41
Suppose -5*m + 40 = -4*l, -3*l + m = -5*l - 6. Let x be (3/l)/(25/(-125)). Let d(r) = -5*r - x*r + 6*r + 3*r + 5. What is d(-3)?
2
Let r(q) = -q - 9. Let b(v) = 4*v + 28. Let j(l) = 2*b(l) + 7*r(l). Let n = 666 - 674. What is j(n)?
-15
Let s(a) = -a + 5. Let f = 866 - 857. Give s(f).
-4
Let r(j) = j**3 - j**2 - j + 6. Suppose -4*f + 2*i = 750, 4*f - 7*f - 566 = -5*i. Let k = 187 + f. Determine r(k).
6
Suppose 0 = 7*v + 72 - 219. Let o(b) = 4*b**2 - b**3 - 13 + 38 - v. Suppose 11 = 2*l + 3. Calculate o(l).
4
Suppose -178*v + 172*v = 0. Let z(r) = -7 + 6*r**2 - 3*r - 2*r**2 - 2*r + v*r**2 - 2*r + r**3. What is z(-5)?
3
Let t(d) = -d**2 - 2*d. Let a(g) = g + 9. Let v be a(-3). Suppose 0 = -v*k - 21 + 69. Suppose k*f - 5 + 21 = 0. Give t(f).
0
Let w be 22/(26/(-7) - (-6 + 2)). Let l = 87 - w. Let q(v) = 2*v - 9*v + 1 + l + 6*v. Determine q(10).
1
Let a(c) = -8*c + 5 + c**2 - 2 + 0*c. Let v = 31088 + -31081. What is a(v)?
-4
Suppose 5*u = 2*x - 51 + 60, 0 = -3*u + 3. Let r(n) = n**3 - n**2 - n - 1. What is r(x)?
-11
Let s be (-4)/22 + 1055/55. Let n = 39 - s. Suppose 0 = 6*g + n + 10. Let r(j) = -j - 2. What is r(g)?
3
Let v(m) = -m + 20. Suppose -2*w = 2*a - 50, 0 = 12*w - 17*w - 2*a + 107. Give v(w).
1
Let h(p) be the third derivative of p**5/120 + p**4/8 + p**3/2 - 2*p**2. Let r(s) be the first derivative of h(s). Suppose -14*j = 77 + 15 + 20. Give r(j).
-5
Let s(b) = b**2 + b - 5. Let w(n) = n**2 - 4. Let x(t) = -3*s(t) + 2*w(t). Let q be x(3). Let y(l) = -l - 2. Determine y(q).
9
Let v(c) be the second derivative of -231*c - 1/12*c**4 - 1/6*c**3 - 3/10*c**5 + 0 - c**2. Calculate v(2).
-56
Let o be -4 - (1 + (2 - -2)). Let w(l) = -l - 7. Let c be w(o). Let j(b) = 3*b. Give j(c).
6
Suppose -15*r = g - 14*r 